er when 2150497397 is divided by 14?
13
What is the remainder when 2361260 is divided by 5903?
60
Calculate the remainder when 9864 is divided by 7882.
1982
Calculate the remainder when 11460443 is divided by 739.
31
What is the remainder when 113171 is divided by 8699?
84
Calculate the remainder when 6868888 is divided by 105.
103
What is the remainder when 2847608365 is divided by 22?
19
What is the remainder when 649360 is divided by 12?
4
Calculate the remainder when 2988678 is divided by 32842.
56
Calculate the remainder when 2978734 is divided by 78.
70
What is the remainder when 36793 is divided by 4087?
10
Calculate the remainder when 2034128 is divided by 1340.
8
What is the remainder when 2763208 is divided by 9495?
163
Calculate the remainder when 1038523 is divided by 794.
765
What is the remainder when 673181 is divided by 56078?
245
What is the remainder when 171784381 is divided by 453?
439
Calculate the remainder when 1165293 is divided by 1360.
1133
What is the remainder when 8491438 is divided by 273917?
11
Calculate the remainder when 4449370 is divided by 329.
303
What is the remainder when 87987623 is divided by 232?
231
Calculate the remainder when 38414545 is divided by 333.
331
Calculate the remainder when 230320 is divided by 114876.
568
Calculate the remainder when 77770 is divided by 2876.
118
Calculate the remainder when 1916456 is divided by 4086.
122
What is the remainder when 33919 is divided by 11278?
85
What is the remainder when 565902 is divided by 1046?
16
What is the remainder when 25460166 is divided by 42363?
3
Calculate the remainder when 204711 is divided by 246.
39
What is the remainder when 111897 is divided by 106943?
4954
What is the remainder when 71733 is divided by 4005?
3648
Calculate the remainder when 2722973 is divided by 140.
113
Calculate the remainder when 304166 is divided by 6336.
38
What is the remainder when 335243655 is divided by 167621826?
3
What is the remainder when 370833124 is divided by 5259?
5257
What is the remainder when 147371 is divided by 2637?
2336
What is the remainder when 3898462 is divided by 13082?
26
Calculate the remainder when 1692381 is divided by 322.
271
What is the remainder when 50256 is divided by 9624?
2136
What is the remainder when 16777808 is divided by 2?
0
Calculate the remainder when 2556625 is divided by 9721.
2
What is the remainder when 71333 is divided by 23665?
338
Calculate the remainder when 4372677 is divided by 43.
7
What is the remainder when 968977 is divided by 11674?
35
Calculate the remainder when 11415920 is divided by 3114.
3110
Calculate the remainder when 789019888 is divided by 26.
20
Calculate the remainder when 5061101 is divided by 1095.
11
What is the remainder when 242060 is divided by 1179?
365
What is the remainder when 83069 is divided by 7452?
1097
Calculate the remainder when 73294664 is divided by 24431538.
50
Calculate the remainder when 58282447 is divided by 25.
22
What is the remainder when 194171 is divided by 116?
103
What is the remainder when 97312 is divided by 7577?
6388
Calculate the remainder when 61188053 is divided by 87.
83
Calculate the remainder when 498343 is divided by 6152.
31
Calculate the remainder when 6071179 is divided by 168.
163
What is the remainder when 55402 is divided by 475?
302
What is the remainder when 63701 is divided by 4700?
2601
What is the remainder when 5627632 is divided by 1875876?
4
What is the remainder when 272693 is divided by 1661?
289
What is the remainder when 2689267 is divided by 3248?
3171
Calculate the remainder when 406055 is divided by 3744.
1703
What is the remainder when 90834782 is divided by 235?
232
Calculate the remainder when 258548 is divided by 209.
15
Calculate the remainder when 177261 is divided by 191.
13
Calculate the remainder when 118220060 is divided by 13135562.
2
Calculate the remainder when 1155381 is divided by 322.
45
Calculate the remainder when 46912639 is divided by 16618.
25
What is the remainder when 1064469 is divided by 30408?
189
What is the remainder when 982274 is divided by 6292?
722
Calculate the remainder when 12050356 is divided by 870.
856
What is the remainder when 10867 is divided by 359?
97
Calculate the remainder when 1038507 is divided by 889.
155
What is the remainder when 507943 is divided by 1330?
1213
What is the remainder when 797951 is divided by 49787?
1359
What is the remainder when 721654 is divided by 26?
24
What is the remainder when 291457 is divided by 97146?
19
What is the remainder when 3283503 is divided by 992?
975
Calculate the remainder when 1540167 is divided by 1165.
37
What is the remainder when 346465 is divided by 524?
101
What is the remainder when 4372849 is divided by 950?
949
Calculate the remainder when 28708067 is divided by 69.
65
Calculate the remainder when 16903311 is divided by 8.
7
What is the remainder when 244078 is divided by 7838?
1100
What is the remainder when 286673 is divided by 463?
76
What is the remainder when 2030209 is divided by 225566?
115
What is the remainder when 329665 is divided by 6468?
6265
Calculate the remainder when 142133 is divided by 1159.
735
Calculate the remainder when 149313 is divided by 42.
3
Calculate the remainder when 179779 is divided by 1019.
435
Calculate the remainder when 74227505 is divided by 78299.
53
Calculate the remainder when 32342505 is divided by 212.
209
Calculate the remainder when 387158 is divided by 377.
356
What is the remainder when 294796 is divided by 1097?
800
What is the remainder when 520693 is divided by 3071?
1694
Calculate the remainder when 162280 is divided by 8540.
20
Calculate the remainder when 74010 is divided by 194.
96
Calculate the remainder when 657225 is divided by 772.
253
Calculate the remainder when 459059 is divided by 157.
148
What is the remainder when 1156493 is divided by 1156493?
0
Calculate the remainder when 189376 is divided by 27030.
166
Calculate the remainder when 32861337 is divided by 12.
9
What is the remainder when 304461 is divided by 6338?
237
What is the remainder when 28610818 is divided by 189?
187
Calculate the remainder when 11218 is divided by 757.
620
What is the remainder when 34563781 is divided by 831?
829
Calculate the remainder when 94300 is divided by 5545.
35
Calculate the remainder when 139528 is divided by 46482.
82
What is the remainder when 363261799 is divided by 2026?
2025
Calculate the remainder when 9601811 is divided by 800150.
11
Calculate the remainder when 758617689 is divided by 21.
18
What is the remainder when 70729 is divided by 70457?
272
Calculate the remainder when 708457 is divided by 1409.
1139
What is the remainder when 16900 is divided by 16886?
14
What is the remainder when 51784 is divided by 809?
8
What is the remainder when 1245280 is divided by 1124?
1012
Calculate the remainder when 986634 is divided by 13.
12
Calculate the remainder when 62286918 is divided by 346.
344
What is the remainder when 3892695 is divided by 892?
7
Calculate the remainder when 331492 is divided by 271.
59
Calculate the remainder when 263869 is divided by 99.
34
What is the remainder when 1361763 is divided by 3151?
531
What is the remainder when 13057420 is divided by 80?
60
What is the remainder when 39995 is divided by 1842?
1313
Calculate the remainder when 19138197 is divided by 615.
12
What is the remainder when 7979755 is divided by 227990?
105
Calculate the remainder when 2354224 is divided by 2965.
14
What is the remainder when 632154 is divided by 3203?
1163
Calculate the remainder when 22486160 is divided by 33.
26
What is the remainder when 5887731 is divided by 2528?
19
What is the remainder when 247503 is divided by 232959?
14544
What is the remainder when 10119419 is divided by 170?
169
What is the remainder when 42420232 is divided by 2260?
32
What is the remainder when 300719 is divided by 59536?
3039
Calculate the remainder when 88522 is divided by 88327.
195
What is the remainder when 1494534 is divided by 50?
34
Calculate the remainder when 3764278 is divided by 10.
8
Calculate the remainder when 1422680 is divided by 50.
30
What is the remainder when 310591 is divided by 12937?
103
Calculate the remainder when 28820045 is divided by 10855.
20
What is